Is 7862230627 a composite number?
False
Is 2517704005 a prime number?
False
Is 261076019 composite?
True
Is 54036008771 composite?
False
Is 87044186 composite?
True
Is 2531511713 a prime number?
False
Is 81269028161 a prime number?
False
Is 1765294499 a composite number?
False
Is 29252493509 composite?
False
Is 163992053 a composite number?
False
Is 1201144053 a prime number?
False
Is 160081235 prime?
False
Is 4693006813 composite?
True
Is 5369159269 a prime number?
True
Is 32178710299 a composite number?
True
Is 24898265297 a prime number?
False
Is 26050911203 prime?
True
Is 10615818649 a composite number?
False
Is 16340787097 a prime number?
True
Is 446543767 a composite number?
True
Is 2249683403 composite?
True
Is 2753419505 a prime number?
False
Is 10594361 prime?
True
Is 6219676987 a composite number?
False
Is 2023669587 composite?
True
Is 1955483935 prime?
False
Is 557101379 a composite number?
True
Is 3341812217 a prime number?
False
Is 83916652189 prime?
True
Is 679564033 a composite number?
True
Is 67273957777 a composite number?
True
Is 21423913409 a composite number?
False
Is 817826353 a composite number?
True
Is 3949665281 composite?
False
Is 1137954413 a prime number?
True
Is 17794367 a prime number?
True
Is 95492321 a prime number?
False
Is 672257917 prime?
False
Is 161108191 a prime number?
True
Is 1464149347 composite?
False
Is 34701481 a prime number?
True
Is 16897289873 a composite number?
False
Is 31944565165 prime?
False
Is 5834129281 a composite number?
True
Is 7089590293 prime?
True
Is 35007128869 a composite number?
False
Is 3489192997 prime?
False
Is 58930017817 a prime number?
False
Is 1687964923 a composite number?
True
Is 65964157339 composite?
False
Is 725235037 a prime number?
False
Is 6285163769 a prime number?
True
Is 883927658 prime?
False
Is 426831337 composite?
False
Is 294745247 prime?
True
Is 74825837 composite?
False
Is 3067407457 a prime number?
True
Is 7028563 a composite number?
False
Is 26360828647 a prime number?
True
Is 1129227107 prime?
False
Is 393361397221 composite?
True
Is 18548229653 a prime number?
True
Is 15078544843 a prime number?
False
Is 2891700263 a composite number?
False
Is 1306315301 prime?
False
Is 448110583 a composite number?
False
Is 4300362559 composite?
True
Is 5094760993 prime?
False
Is 63974848031 a composite number?
False
Is 201982922 a composite number?
True
Is 12883105381 prime?
True
Is 12483571283 a prime number?
False
Is 6625784617 prime?
False
Is 5745205253 composite?
False
Is 1960841787 a composite number?
True
Is 39288253519 composite?
False
Is 77602121687 a prime number?
False
Is 528210217 prime?
True
Is 23907312493 a prime number?
True
Is 698799769 composite?
False
Is 259859265877 prime?
True
Is 4590475583 composite?
True
Is 2352419629 prime?
False
Is 14176428199 composite?
False
Is 4896367871 composite?
False
Is 3434022497 a prime number?
True
Is 5078399659 a composite number?
False
Is 2282733437 a prime number?
True
Is 15319459087 prime?
True
Is 5899225649 composite?
True
Is 230101256971 a composite number?
True
Is 14753751605 a composite number?
True
Is 28706055503 a prime number?
True
Is 134887759 prime?
True
Is 3506224327 a prime number?
True
Is 1138060991 composite?
True
Is 5614295717 a prime number?
True
Is 104634145001 prime?
True
Is 1408804423 prime?
False
Is 45082596229 composite?
True
Is 2774169623 a prime number?
False
Is 16219972907 a composite number?
True
Is 2685598537 a prime number?
True
Is 59761708529 composite?
True
Is 58491875567 prime?
True
Is 81726661 a prime number?
True
Is 904620221 a composite number?
True
Is 1260441107 a prime number?
True
Is 102568537 prime?
False
Is 84940151 prime?
False
Is 45060023 prime?
False
Is 41469317821 prime?
True
Is 7187057 a composite number?
True
Is 50185123199 a composite number?
False
Is 38089219243 prime?
False
Is 10178203817 prime?
False
Is 593148643 composite?
False
Is 2907761639 prime?
False
Is 2158377289 a prime number?
False
Is 844205279 prime?
False
Is 1449303847 a composite number?
True
Is 7642487317 a composite number?
True
Is 3181450697 a composite number?
False
Is 85141188887 prime?
True
Is 2279509042 a composite number?
True
Is 45509195219 prime?
False
Is 23858062889 prime?
True
Is 414545201 composite?
True
Is 2006582093 a composite number?
True
Is 3684038773 composite?
False
Is 1734203753 a prime number?
True
Is 73102787 composite?
True
Is 3472499183 a prime number?
True
Is 14133485918 composite?
True
Is 5939431807 prime?
False
Is 193555817305 a composite number?
True
Is 44459420455 a prime number?
False
Is 8136361967 prime?
True
Is 756840269 a prime number?
False
Is 20765168803 a prime number?
False
Is 4886004251 a composite number?
False
Is 3458081839 composite?
False
Is 3378625957 prime?
False
Is 16512637 a composite number?
False
Is 1140452119 composite?
False
Is 18783574827 a prime number?
False
Is 3905899511 prime?
True
Is 3620418257 composite?
False
Is 37341509 a prime number?
False
Is 11861355659 a composite number?
False
Is 6985152161 composite?
True
Is 25388019119 a composite number?
True
Is 1180320331 composite?
False
Is 6944291933 composite?
True
Is 1700224651 prime?
True
Is 92099771 a composite number?
True
Is 13418894311 a prime number?
True
Is 18591924283 composite?
True
Is 1303735241 a prime number?
False
Is 38074227881 prime?
True
Is 67662587137 composite?
False
Is 19121390131 prime?
False
Is 1067266997 a composite number?
False
Is 269807689 a prime number?
True
Is 11265347287 a composite number?
True
Is 528247721 prime?
True
Is 3396577477 a composite number?
False
Is 4481663281 composite?
True
Is 309583705129 a composite number?
True
Is 14214214639 a prime number?
True
Is 7444947101 a prime number?
True
Is 14495463929 composite?
True
Is 1029014003 composite?
False
Is 473074867 prime?
True
Is 4799578423 a composite number?
False
Is 3485495081 composite?
True
Is 9101129059 a composite number?
True
Is 410846426 composite?
True
Is 9746852253 a composite number?
True
Is 11477181829 a prime number?
False
Is 44519291 prime?
False
Is 10077869051 prime?
True
Is 103871267 prime?
True
Is 243199459 a prime number?
True
Is 39628489051 a prime number?
True
Is 20994128857 prime?
False
Is 8763638509 prime?
True
Is 678793001 composite?
False
Is 3665426626 composite?
True
Is 228134831 a prime number?
False
Is 2939749793 a composite number?
True
Is 5081124679 composite?
True
Is 713017399 composite?
True
Is 48942425309 prime?
False
Is 99764432351 a prime number?
True
Is 161224241183 a composite number?
False
Is 918247709 composite?
True
Is 18933126803 composite?
True
Is 72441216557 composite?
False
Is 245772979 a composite number?
False
Is 121380675263 prime?
True
Is 3301113955 composite?
True
Is 265468751 a composite number?
False
Is 328416763 a prime number?
True
Is 23182847461 a prime number?
True
Is 11028364811 composite?
False
Is 3927162557 prime?
False
Is 371461357219 a prime number?
True
Is 76508147 a prime number?
True
Is 49822127 a composite number?
True
Is 5289469837 prime?
False
Is 27054186689 composite?
False
Is 26570669591 a composite number?
True
Is 4983213083 a composite number?
True
Is 380818609 prime?
True
Is 9892181686 a prime number?
False
Is 5289551807 composite?
False
Is 1054894817 composite?
True
Is 2407183637 prime?
True
Is 50842397849 composite?
False
Is 3284320511 composite?
False
Is 20272219697 composite?
False
Is 73880504993 prime?
False
Is 1521068581 composite?
True
Is 1745449261 prime?
True
Is 62297931013 prime?
True
Is 730087753 prime?
False
Is 5986886669 composite?
False
Is 432342409 composite?
False
Is 3515745019 prime?
True
Is 4480182191 a prime number?
True
Is 548417369 a prime number?
False
Is 956678629 composite?
True
Is 727507709 prime?
False
Is 29075483309 a composite number?
False
Is 4287844497 composite?
True
Is 30262409 a prime number?
True
Is 15092913361 a composite number?
True
Is 23216767271 a prime number?
True
Is 31355919143 a prime number?
True
Is 916985431 a prime number?
True
Is 416373115 a prime number?
False
Is 25932379019 a prime number?
True
Is 602946853 prime?
False
Is 3596178406 a prime number?
False
Is 5163149669 a composite number?
False
Is 14071186931 prime?
False
Is 504159991 a composite number?
True
Is 1151104243 prime?
True
Is 1047800